 digit of v?
6
Suppose -13*k + 24484 = -15829. What is the units digit of k?
1
What is the tens digit of (-4)/6 + (-2852)/(-12)?
3
Let j(y) = 2*y + 4. Let g(r) = r**2 - 10*r - 13. Let b(z) = -z**2 + 11*z + 13. Let c(k) = 4*b(k) + 5*g(k). Let l be c(8). What is the units digit of j(l)?
0
Suppose 0 = h + 3 - 5. Suppose h*i + 0 + 54 = 0. Let u = i + 30. What is the units digit of u?
3
Let r = 52 + -30. Suppose 2*g + 2*g = 2*p + 118, 0 = -g - 2*p + r. What is the units digit of g?
8
Suppose -b + 4 = -1. Suppose -1693 = -b*u - 3*v, 0*v = -u - 4*v + 325. What is the hundreds digit of u?
3
Let g = 40 - 21. What is the tens digit of 2/g + (-9113)/(-247)?
3
Let c(b) = 78*b - 42. What is the hundreds digit of c(9)?
6
Let p = 65 + -61. Suppose 343 = -p*x + 1139. What is the hundreds digit of x?
1
Let l(r) = 5 - 2*r**2 + 9*r**2 - 8*r - 85*r**3 + 84*r**3. Let f be l(5). Suppose -4*k - k + f = 0. What is the units digit of k?
3
Let y(x) = -x**3 - 7*x**2 - 8*x - 7. Let j be y(-6). Suppose -3*h - 185 = -4*m, -4*m + j*h = -93 - 82. What is the units digit of m?
0
Suppose -3 = -p - 1. Suppose -y = -x - 8, -x - 16 = -p*y - 3. Suppose 0*z - 15 = -y*z. What is the units digit of z?
3
Suppose -n - 2*z + 1 = 0, -z - 31 = -9*n + 5*n. Suppose -q - n*v + 4*v = -293, -4*q = 2*v - 1162. What is the units digit of q?
0
Let t(z) = -6*z + z**3 - 9*z**2 + 21*z**2 - 8 + 2*z. What is the tens digit of t(-11)?
5
Let j = -158 + 548. What is the tens digit of j?
9
Let i(u) = -u + 176. Let r be i(0). Let c = 2 + 3. Suppose 3*q + 0*b = -2*b + 132, r = 4*q + c*b. What is the units digit of q?
4
Let n(g) be the first derivative of 7*g**2/2 - g + 7. What is the units digit of n(4)?
7
Let d(u) = -u**3 - 3*u**2 - u + 2. Let q be d(-3). Let x(r) = -2*r**2 + 4*r + 6. Let h be x(q). Let b = 55 + h. What is the units digit of b?
1
Let b(c) = 5*c**2 + 14*c + 14. Let m be b(-4). Let p be 12 - (-3 - 2/(-1)). Suppose 5*h + 65 = 4*z, 5*h + m = p. What is the tens digit of z?
1
Let c = 0 + 0. Suppose -4*b = -c*b + 120. What is the tens digit of (-18)/45*1*b?
1
What is the tens digit of (10260/11)/4 + 4/(-22)?
3
Let i be (-3)/(-6)*(-4624)/(-8). Let j = i + -61. What is the units digit of j?
8
What is the units digit of (190/4)/((-18)/(-36))?
5
Let a = 12 - 0. Suppose 0 = -3*t - a, t = -g + 81 + 25. Suppose -v - g = -6*v. What is the units digit of v?
2
What is the tens digit of (8 + (-486)/63)*1652/2?
3
Suppose -5*q + 2*h + 204 = 5, -q + 45 = -3*h. Suppose -j + r = -0*r - 27, r = -2*j + q. What is the tens digit of j?
2
Suppose -34 = -5*s + 276. What is the tens digit of s?
6
Suppose 2*y - 984 = -4*g - 3*y, 0 = g + 3*y - 246. What is the hundreds digit of g?
2
Suppose -p - 13 = 14. Let q = 28 + p. What is the units digit of q?
1
Let i(t) = 116*t - 113. What is the hundreds digit of i(9)?
9
Let n(l) = l**3 - l**2 + l + 2. Let z be n(2). Let v be (20/z + -3)*10. What is the units digit of (24/20)/((-2)/v)?
3
Let k be 26 - (-1)/(1/(-1)). Suppose 32 = 4*p + 6*n - 2*n, 5*n + k = 0. What is the units digit of p?
3
Let t = -7 + 7. Suppose t = -3*r + r + 150. Let g = -46 + r. What is the tens digit of g?
2
Let g(k) = -k**3 + 9*k**2 + 9*k + 12. Let i be g(10). Let s be i/(-3) + 114/9. Let d = s - 6. What is the units digit of d?
6
Let i(o) = -10*o**2 + 4*o - 7. Let a(n) = n**2 - n + 1. Let t(q) = -4*a(q) - i(q). What is the tens digit of t(3)?
5
Let m be 24/(-60) + 103/(-5). Let d = 33 + m. What is the units digit of d?
2
Let b = 786 - 313. What is the hundreds digit of b?
4
Let y = 28 + -8. Suppose -2*n + y = -n. Let g = -14 + n. What is the units digit of g?
6
Let r be -610*2/(-8) - (-3)/2. Suppose -16*f + 18*f - r = 0. What is the units digit of f?
7
Let a(p) = -4 - 9 + 16*p - 6*p. What is the tens digit of a(6)?
4
Let g(s) = 7*s + 60. Let x(t) = t + 11. Let l be x(-11). What is the units digit of g(l)?
0
Let y(u) = 5*u + 20. Suppose -3 + 10 = x. What is the tens digit of y(x)?
5
Let b be (2 - (-10 + 8)) + (-2)/(-2). Suppose b*p - 672 = -p. What is the tens digit of p?
1
Suppose -f + 14 = 2. Suppose -f*g + 1714 + 1226 = 0. What is the hundreds digit of g?
2
Let n be 9/21 + (-526)/(-14). Let b = n + -10. What is the tens digit of b?
2
Let i(q) = q**3 - 5*q**2 - 5*q - 7. Suppose 2*h - 3*h + 6 = 0. Let n be i(h). What is the units digit of n/(-3 + 2/1)?
1
Suppose -17 = -2*f + 5*v, -29 = -2*f - v + 18. Let n be 112/f - 1/3. Suppose 0 = -n*o + 10*o - 70. What is the units digit of o?
4
Let g = -282 + 421. Let c = -74 + g. What is the units digit of c?
5
Suppose -2*z = -3*z. Suppose -4*m + 3 = s - z*s, 0 = -s - 3*m. Let g = -8 - s. What is the units digit of g?
1
Let a = -32 + 30. Let q = -28 - a. Let v = q + 102. What is the tens digit of v?
7
Let f(n) = -n**2 + 7*n. Let k be f(7). Suppose 0 = -c - k*d - 3*d + 39, -4*d + 72 = 2*c. Let u = c + -19. What is the units digit of u?
1
Let q = -27 - -29. Suppose -5*t - n - q*n = -32, -4 = -n. Suppose t = -5*j + 3*m + 311, -4*j = 3*m - 224. What is the units digit of j?
9
Let w(x) be the second derivative of x**3/6 + 13*x**2/2 + x. Suppose 0 = -2*v + 3*v - 1, 2*z + 14 = 2*v. What is the units digit of w(z)?
7
Suppose 7*y + y = 7400. What is the hundreds digit of y?
9
Suppose -7 = -i - 2*f - 16, -3*i = -4*f - 23. What is the tens digit of ((-20)/(-8))/(i/18)?
4
What is the units digit of (-108)/54 + -354*(-2)/2?
2
Let h(z) = -z**3 + 8*z**2 + 12*z - 22. Let x be h(9). What is the units digit of (-4378)/(-55) - (-2)/x?
0
What is the hundreds digit of 3/(-5)*1*(-6870)/2?
0
Let f(w) be the third derivative of w**4/12 - w**3 - 4*w**2. Let a be f(7). Suppose -3*h + a = -28. What is the tens digit of h?
1
Let a = -6608 - -11871. What is the hundreds digit of a?
2
Suppose 53 = 2*g - b, 4*g + b - 58 - 45 = 0. Let d = g + -16. What is the tens digit of d?
1
Suppose 504 = 5*u - 3*q, u - 5*q = 135 - 43. Let h = u + -9. What is the tens digit of h?
9
Suppose -39 = -17*l + 14*l - 2*u, -l = -2*u - 13. What is the tens digit of l?
1
Let z be (4/(-5))/((-4)/(-20)). Let a = z + 5. Let j = a - -15. What is the units digit of j?
6
Let c = 153 + 77. What is the units digit of c?
0
Suppose 36918 = 28*l + 8554. What is the thousands digit of l?
1
Let k(m) = -3926*m - 107. What is the tens digit of k(-1)?
1
Let b(o) be the third derivative of -o**3 + o**2 + 0 + 0*o - 1/8*o**4. What is the units digit of b(-4)?
6
Suppose -y - 131 = -133. Let c(l) = 8*l + 3. What is the tens digit of c(y)?
1
What is the units digit of (-39426)/(-21) - 33/77?
7
Let c(x) = x**2 + 5*x - 15. Let j be c(-12). What is the units digit of j*4/3*2?
4
Let w = 259 - -100. What is the tens digit of w?
5
Let r(j) = j**3 - 22*j**2 - 6*j + 33. What is the tens digit of r(23)?
2
Let k(w) = w**2 + 6*w + 7. Let s be k(-5). Let n(g) = -4*g + 21 - 17*g**s + 8 - 11 - g**3 + 3*g. What is the tens digit of n(-17)?
3
What is the hundreds digit of 1 + (49344/8 - 6)?
1
Let x(a) = 9 - 1 - 3 - a. Suppose 0 = -5*v - 2*v - 63. What is the tens digit of x(v)?
1
Let b(v) = 3*v + 2. Let x be b(0). Suppose -322 = -x*c - 4*h + 140, -4*h = 4*c - 932. What is the tens digit of c?
3
Suppose -521 + 43 = -t. Suppose -4*w - 401 = -3*o + 72, 5*w = 3*o - t. What is the units digit of o?
1
Let b = -3 - -6. Suppose 3*s + 18 + 42 = 3*w, 0 = b*s. What is the tens digit of w?
2
Suppose -333 = -6*x + 3*x. Let q = x - 43. What is the units digit of q?
8
Let u = -46 - 18. What is the units digit of u/(-48)*30/4?
0
Let w(q) = -q**2 - 7*q + 8. Let r be w(-9). Let i be (-88)/4*r/(-4). What is the tens digit of 321/11 + 10/i?
2
Suppose 3*t = t. Suppose -3*s + t*s = -36. What is the tens digit of (-4)/s + (-182)/(-6)?
3
Let n = 21 + -18. Let c = n - 0. Suppose -8*k - 2*p = -c*k - 161, 3*p = k - 22. What is the tens digit of k?
3
Suppose 0 = -3*l - i + 134, -68 = -4*l - 2*i + 110. Let w = l - -98. What is the hundreds digit of w?
1
Suppose 4*j - 112 = -u, -2*j = 9*u - 5*u - 378. Suppose -26 = -r + u. What is the hundreds digit of r?
1
Suppose -6*w + 39 = -21. What is the units digit of w/15 + (3 - (-516)/9)?
1
What is the thousands digit of (450/(-135))/((-2)/(-3)) - -6032?
6
What is the units digit of 74 - 73 - (-443)/1?
4
Let d(x) = -2*x**2 - 96*x - 60. What is the tens digit of d(-30)?
2
Let s(g) = -10*g - 5 - 6 + 23*g. Suppose -291 + 286 = -j. What is the 